{"id":5070,"date":"2025-01-05T21:47:51","date_gmt":"2025-01-06T00:47:51","guid":{"rendered":"https:\/\/iita.com.ar\/salta\/?page_id=5070"},"modified":"2025-01-05T21:47:52","modified_gmt":"2025-01-06T00:47:52","slug":"curso-anual-de-diseno-de-videojuegos-3d-con-unity","status":"publish","type":"page","link":"https:\/\/iita.com.ar\/salta\/curso-anual-de-diseno-de-videojuegos-3d-con-unity\/","title":{"rendered":"Curso Anual de Dise\u00f1o de Videojuegos 3D con Unity"},"content":{"rendered":"\n<figure class=\"wp-block-image size-large is-resized\"><img data-recalc-dims=\"1\" loading=\"lazy\" decoding=\"async\" width=\"1024\" height=\"498\" src=\"https:\/\/i0.wp.com\/iita.com.ar\/salta\/wp-content\/uploads\/sites\/8\/2025\/01\/3.jpg?resize=1024%2C498&#038;ssl=1\" alt=\"\" class=\"wp-image-4959\" style=\"width:840px;height:auto\" srcset=\"https:\/\/i0.wp.com\/iita.com.ar\/salta\/wp-content\/uploads\/sites\/8\/2025\/01\/3-scaled.jpg?resize=1024%2C498&amp;ssl=1 1024w, https:\/\/i0.wp.com\/iita.com.ar\/salta\/wp-content\/uploads\/sites\/8\/2025\/01\/3-scaled.jpg?resize=300%2C146&amp;ssl=1 300w, https:\/\/i0.wp.com\/iita.com.ar\/salta\/wp-content\/uploads\/sites\/8\/2025\/01\/3-scaled.jpg?resize=768%2C373&amp;ssl=1 768w, https:\/\/i0.wp.com\/iita.com.ar\/salta\/wp-content\/uploads\/sites\/8\/2025\/01\/3-scaled.jpg?resize=1536%2C747&amp;ssl=1 1536w, https:\/\/i0.wp.com\/iita.com.ar\/salta\/wp-content\/uploads\/sites\/8\/2025\/01\/3-scaled.jpg?resize=2048%2C996&amp;ssl=1 2048w, https:\/\/i0.wp.com\/iita.com.ar\/salta\/wp-content\/uploads\/sites\/8\/2025\/01\/3-scaled.jpg?w=2340&amp;ssl=1 2340w\" sizes=\"auto, (max-width: 1024px) 100vw, 1024px\" \/><\/figure>\n\n\n\n<p>\u00bfTe apasiona el mundo de los videojuegos? \u00bfQuer\u00e9s aprender a dise\u00f1ar y programar tus propios juegos 3D utilizando Unity, uno de los motores m\u00e1s usados en la industria? Este curso es para vos.<\/p>\n\n\n\n<p><strong>\u00bfQu\u00e9 aprender\u00e1s?<\/strong><\/p>\n\n\n\n<ul class=\"wp-block-list\">\n<li><strong>Programaci\u00f3n en C#<\/strong>: Desarrollar\u00e1s tus habilidades de programaci\u00f3n mientras das vida a tus ideas.<\/li>\n\n\n\n<li><strong>Creaci\u00f3n de videojuegos 3D<\/strong>: Dise\u00f1ar\u00e1s personajes, escenarios y niveles para un proyecto \u00fanico.<\/li>\n\n\n\n<li><strong>Narrativa y jugabilidad<\/strong>: Planificar\u00e1s la historia de tu juego, definiendo c\u00f3mo interact\u00faan los personajes con los objetos y entornos.<\/li>\n\n\n\n<li><strong>Proyecto final<\/strong>: Al finalizar el curso, contar\u00e1s con tu propio videojuego 3D completamente desarrollado.<\/li>\n<\/ul>\n\n\n\n<p><strong>\u00bfPor qu\u00e9 elegir este curso?<\/strong><\/p>\n\n\n\n<ul class=\"wp-block-list\">\n<li><strong>Aprendizaje pr\u00e1ctico<\/strong>: Trabajar\u00e1s con Unity, un motor profesional utilizado en videojuegos comerciales, ideal para aprender desde cero y a nivel avanzado.<\/li>\n\n\n\n<li><strong>Habilidades clave<\/strong>: Potenciar\u00e1s tu creatividad y desarrollar\u00e1s pensamiento computacional, habilidades esenciales en el mundo digital.<\/li>\n<\/ul>\n\n\n\n<p><strong>Detalles del curso<\/strong><\/p>\n\n\n\n<ul class=\"wp-block-list\">\n<li><strong>Duraci\u00f3n<\/strong>: Anual (marzo a diciembre).<\/li>\n\n\n\n<li><strong>Modalidad<\/strong>: Clases presenciales, una vez por semana, de dos horas y media.<\/li>\n\n\n\n<li><strong>Sedes y horarios<\/strong>:\n<ul class=\"wp-block-list\">\n<li><em>Sede Centro<\/em>:\n<ul class=\"wp-block-list\">\n<li>S\u00e1bados de 9:00 a 11:30.<\/li>\n\n\n\n<li>S\u00e1bados de 18:00 a 20:30.<\/li>\n<\/ul>\n<\/li>\n\n\n\n<li><em>Sede San Lorenzo Chico<\/em>:\n<ul class=\"wp-block-list\">\n<li>Viernes de 15:30 a 18:00.<\/li>\n<\/ul>\n<\/li>\n<\/ul>\n<\/li>\n<\/ul>\n\n\n\n<p><strong>Inicio de clases<\/strong>: Marzo 2025.<\/p>\n\n\n\n<p>\u00a1No te pierdas esta oportunidad de sumergirte en el mundo del dise\u00f1o de videojuegos y adquirir habilidades que abrir\u00e1n las puertas a un futuro lleno de posibilidades<\/p>\n\n\n\n<p>!Para inscripciones comunicate con nosotros por <\/p>\n\n\n\n<figure class=\"wp-block-embed is-type-video is-provider-youtube wp-block-embed-youtube wp-embed-aspect-16-9 wp-has-aspect-ratio\"><div class=\"wp-block-embed__wrapper\">\n<span class=\"embed-youtube\" style=\"text-align:center; display: block;\"><iframe loading=\"lazy\" class=\"youtube-player\" width=\"1170\" height=\"659\" src=\"https:\/\/www.youtube.com\/embed\/mjkdeqR3qpI?version=3&#038;rel=1&#038;showsearch=0&#038;showinfo=1&#038;iv_load_policy=1&#038;fs=1&#038;hl=es-ES&#038;autohide=2&#038;wmode=transparent\" allowfullscreen=\"true\" style=\"border:0;\" sandbox=\"allow-scripts allow-same-origin allow-popups allow-presentation allow-popups-to-escape-sandbox\"><\/iframe><\/span>\n<\/div><\/figure>\n","protected":false},"excerpt":{"rendered":"<p>\u00bfTe apasiona el mundo de los videojuegos? \u00bfQuer\u00e9s aprender a dise\u00f1ar y programar tus propios juegos 3D utilizando Unity, uno de los motores m\u00e1s usados en la industria? Este curso es para vos. \u00bfQu\u00e9 aprender\u00e1s? \u00bfPor qu\u00e9 elegir este curso? Detalles del curso Inicio de clases: Marzo 2025. \u00a1No te pierdas esta oportunidad de sumergirte [&hellip;]<\/p>\n","protected":false},"author":5,"featured_media":0,"parent":0,"menu_order":0,"comment_status":"closed","ping_status":"closed","template":"","meta":{"jetpack_post_was_ever_published":false,"footnotes":""},"class_list":["post-5070","page","type-page","status-publish","czr-hentry"],"aioseo_notices":[],"jetpack_sharing_enabled":true,"jetpack_shortlink":"https:\/\/wp.me\/P9QtGz-1jM","_links":{"self":[{"href":"https:\/\/iita.com.ar\/salta\/wp-json\/wp\/v2\/pages\/5070","targetHints":{"allow":["GET"]}}],"collection":[{"href":"https:\/\/iita.com.ar\/salta\/wp-json\/wp\/v2\/pages"}],"about":[{"href":"https:\/\/iita.com.ar\/salta\/wp-json\/wp\/v2\/types\/page"}],"author":[{"embeddable":true,"href":"https:\/\/iita.com.ar\/salta\/wp-json\/wp\/v2\/users\/5"}],"replies":[{"embeddable":true,"href":"https:\/\/iita.com.ar\/salta\/wp-json\/wp\/v2\/comments?post=5070"}],"version-history":[{"count":1,"href":"https:\/\/iita.com.ar\/salta\/wp-json\/wp\/v2\/pages\/5070\/revisions"}],"predecessor-version":[{"id":5071,"href":"https:\/\/iita.com.ar\/salta\/wp-json\/wp\/v2\/pages\/5070\/revisions\/5071"}],"wp:attachment":[{"href":"https:\/\/iita.com.ar\/salta\/wp-json\/wp\/v2\/media?parent=5070"}],"curies":[{"name":"wp","href":"https:\/\/api.w.org\/{rel}","templated":true}]}}