{"id":360,"date":"2015-07-29T16:06:44","date_gmt":"2015-07-29T19:06:44","guid":{"rendered":"http:\/\/iita.com.ar\/?page_id=360"},"modified":"2015-07-29T16:06:44","modified_gmt":"2015-07-29T19:06:44","slug":"soft-skills","status":"publish","type":"page","link":"https:\/\/iita.com.ar\/jujuy\/soft-skills\/","title":{"rendered":"Soft Skills"},"content":{"rendered":"<p><strong>\u00a0\u201cSoft Skills\u201d \u00a0o habilidades blandas dentro del instituto de Innovaci\u00f3n y Tecnolog\u00eda Aplicada.\u00a0<\/strong><\/p>\n<p>El actual desempe\u00f1o laboral no se expresa s\u00f3lo en la cantidad de conocimiento que se posee sino tambi\u00e9n en la manera en que nos desenvolvemos. Por lo tanto es necesario contar por un lado, con las habilidades duras (hard skills), es decir aquellas competencias vinculadas directamente con las tarea laboral, los conocimientos y habilidades sobre un tema en espec\u00edfico que permiten desempe\u00f1arse en ese \u00e1rea. Por otro lado, las habilidades blandas (soft skills) aquellas asociadas al comportamiento de la persona, su desempe\u00f1o social, liderazgo, trabajo en equipo, empatia y manejo emocional.<\/p>\n<p>Actualmente en el mundo laboral y el del emprendimiento\u00a0independiente\u00a0se requiere una armon\u00eda integral generada\u00a0 por ambos tipos de competencias lo cual tiende a proporcionar mayores fortalezas, ya que permite tener individuos con mayor visi\u00f3n de futuro, capaces de generar equipos de trabajo armoniosos y eficientes y comprometidos con la responsabilidad social.<\/p>\n<p>Dentro del \u00e1rea daremos cursos de: Comunicaci\u00f3n y escucha, trabajo en equipo, liderazgo, motivaci\u00f3n y \u00a0\u00a0creatividad, inteligencia emocional, manejo de las emociones, hablar en p\u00fablico<\/p>\n<p>&nbsp;<\/p>\n<p>TALLER: <strong><u>METAS 2016<\/u><\/strong><\/p>\n<p>Es posible que tus deseos se hagan realidad?<\/p>\n<p>Si, y te ense\u00f1amos como lograrlo!<\/p>\n<p>El objetivo de este taller es brindar herramientas que posibiliten convertir tus sue\u00f1os en realidad e impulsar acciones que te lleven a cumplir tus objetivos.<\/p>\n<p><u>Temas: <\/u><\/p>\n<ul>\n<li>Diferencia entre metas y deseos<\/li>\n<li>Planteamiento de metas<\/li>\n<li>Inteligencia Emocional<\/li>\n<li>Planeaci\u00f3n estrat\u00e9gica de las acciones<\/li>\n<li>Construcci\u00f3n de h\u00e1bitos<\/li>\n<li>Toma de decisiones<\/li>\n<li>Motivaci\u00f3n y compromiso<\/li>\n<li>Organizaci\u00f3n del tiempo<\/li>\n<\/ul>\n<p><u>Duraci\u00f3n<\/u>: 4 encuentros de 3 horas.<\/p>\n<p><u>Modalidad<\/u>: pr\u00e1ctica, a trav\u00e9s de t\u00e9cnicas de coaching estrat\u00e9gico<\/p>\n<p><u>Facilitadora<\/u>: Licenciada Patricia Petrecca<\/p>\n<p>&nbsp;<\/p>\n<p>&nbsp;<\/p>\n<p>Taller \u201cDise\u00f1ando tu futuro\u201d<\/p>\n<p>Un espacio en el que se brindar\u00e1n herramientas que permitan analizar estrategias para fomentar el desarrollo o la generaci\u00f3n de un emprendimiento propio, ayudando a generar empleabilidad y confianza en s\u00ed mismos para concretar los propios proyectos.<\/p>\n<p><u>Dirigido a<\/u>: Personas con inquietud de emprender, en b\u00fasqueda de empleo, que deseen orientar su carrera, o aspiran a un crecimiento laboral o profesional.<\/p>\n<p><u>Modalidad<\/u>: te\u00f3rico- pr\u00e1ctica<\/p>\n<p><u>Duraci\u00f3n<\/u>: dos meses con clases una vez a la semana de 3 horas cada una.<\/p>\n<p><u>Dictado por<\/u>: Lic. Patricia Petrecca<\/p>\n<p><a href=\"https:\/\/i0.wp.com\/iita.com.ar\/jujuy\/wp-content\/uploads\/sites\/7\/2015\/08\/afiche-curso-dise%C3%B1ando-tu-futuro.jpg\"><img data-recalc-dims=\"1\" loading=\"lazy\" decoding=\"async\" class=\"alignnone wp-image-373\" src=\"https:\/\/i0.wp.com\/iita.com.ar\/wp-content\/uploads\/2015\/08\/afiche-curso-dise%C3%B1ando-tu-futuro-300x210.jpg?resize=1057%2C744\" alt=\"afiche curso dise\u00f1ando tu futuro\" width=\"1057\" height=\"744\" \/><\/a><\/p>\n<p>Pr\u00f3xima charla gratuita informativa. Viernes 14 de Agosto de 9 a 10:15 hs.<\/p>\n<p><a href=\"https:\/\/i0.wp.com\/iita.com.ar\/jujuy\/wp-content\/uploads\/sites\/7\/2015\/08\/afiche-charla-soft-skills-lunes-14-agosto-9-a-10-15.jpg\"><img data-recalc-dims=\"1\" loading=\"lazy\" decoding=\"async\" class=\"alignleft size-full wp-image-434\" src=\"https:\/\/i0.wp.com\/iita.com.ar\/jujuy\/wp-content\/uploads\/sites\/7\/2015\/08\/afiche-charla-soft-skills-lunes-14-agosto-9-a-10-15.jpg?resize=1170%2C803\" alt=\"afiche charla soft skills lunes 14 agosto 9 a 10 15\" width=\"1170\" height=\"803\" srcset=\"https:\/\/i0.wp.com\/iita.com.ar\/jujuy\/wp-content\/uploads\/sites\/7\/2015\/08\/afiche-charla-soft-skills-lunes-14-agosto-9-a-10-15.jpg?w=1616&amp;ssl=1 1616w, https:\/\/i0.wp.com\/iita.com.ar\/jujuy\/wp-content\/uploads\/sites\/7\/2015\/08\/afiche-charla-soft-skills-lunes-14-agosto-9-a-10-15.jpg?resize=300%2C206&amp;ssl=1 300w, https:\/\/i0.wp.com\/iita.com.ar\/jujuy\/wp-content\/uploads\/sites\/7\/2015\/08\/afiche-charla-soft-skills-lunes-14-agosto-9-a-10-15.jpg?resize=768%2C527&amp;ssl=1 768w, https:\/\/i0.wp.com\/iita.com.ar\/jujuy\/wp-content\/uploads\/sites\/7\/2015\/08\/afiche-charla-soft-skills-lunes-14-agosto-9-a-10-15.jpg?resize=1024%2C703&amp;ssl=1 1024w\" sizes=\"auto, (max-width: 1170px) 100vw, 1170px\" \/><\/a><\/p>\n<p>&nbsp;<\/p>\n<p>&nbsp;<\/p>\n<p>&nbsp;<\/p>\n","protected":false},"excerpt":{"rendered":"<p>\u00a0\u201cSoft Skills\u201d \u00a0o habilidades blandas dentro del instituto de Innovaci\u00f3n y Tecnolog\u00eda Aplicada.\u00a0 El actual desempe\u00f1o laboral no se expresa s\u00f3lo en la cantidad de conocimiento que se posee sino tambi\u00e9n en la manera en que nos desenvolvemos. Por lo tanto es necesario contar por un lado, con las habilidades duras (hard skills), es decir [&hellip;]<\/p>\n","protected":false},"author":1,"featured_media":0,"parent":0,"menu_order":0,"comment_status":"closed","ping_status":"closed","template":"","meta":{"jetpack_post_was_ever_published":false,"footnotes":""},"class_list":["post-360","page","type-page","status-publish","czr-hentry"],"aioseo_notices":[],"jetpack_sharing_enabled":true,"jetpack_shortlink":"https:\/\/wp.me\/P9QtGp-5O","_links":{"self":[{"href":"https:\/\/iita.com.ar\/jujuy\/wp-json\/wp\/v2\/pages\/360","targetHints":{"allow":["GET"]}}],"collection":[{"href":"https:\/\/iita.com.ar\/jujuy\/wp-json\/wp\/v2\/pages"}],"about":[{"href":"https:\/\/iita.com.ar\/jujuy\/wp-json\/wp\/v2\/types\/page"}],"author":[{"embeddable":true,"href":"https:\/\/iita.com.ar\/jujuy\/wp-json\/wp\/v2\/users\/1"}],"replies":[{"embeddable":true,"href":"https:\/\/iita.com.ar\/jujuy\/wp-json\/wp\/v2\/comments?post=360"}],"version-history":[{"count":0,"href":"https:\/\/iita.com.ar\/jujuy\/wp-json\/wp\/v2\/pages\/360\/revisions"}],"wp:attachment":[{"href":"https:\/\/iita.com.ar\/jujuy\/wp-json\/wp\/v2\/media?parent=360"}],"curies":[{"name":"wp","href":"https:\/\/api.w.org\/{rel}","templated":true}]}}

<p><strong> “Soft Skills”  o habilidades blandas dentro del instituto de Innovación y Tecnología Aplicada. </strong></p>
<p>El actual desempeño laboral no se expresa sólo en la cantidad de conocimiento que se posee sino también en la manera en que nos desenvolvemos. Por lo tanto es necesario contar por un lado, con las habilidades duras (hard skills), es decir aquellas competencias vinculadas directamente con las tarea laboral, los conocimientos y habilidades sobre un tema en específico que permiten desempeñarse en ese área. Por otro lado, las habilidades blandas (soft skills) aquellas asociadas al comportamiento de la persona, su desempeño social, liderazgo, trabajo en equipo, empatia y manejo emocional.</p>
<p>Actualmente en el mundo laboral y el del emprendimiento independiente se requiere una armonía integral generada  por ambos tipos de competencias lo cual tiende a proporcionar mayores fortalezas, ya que permite tener individuos con mayor visión de futuro, capaces de generar equipos de trabajo armoniosos y eficientes y comprometidos con la responsabilidad social.</p>
<p>Dentro del área daremos cursos de: Comunicación y escucha, trabajo en equipo, liderazgo, motivación y   creatividad, inteligencia emocional, manejo de las emociones, hablar en público</p>
<p>&nbsp;</p>
<p>TALLER: <strong><u>METAS 2016</u></strong></p>
<p>Es posible que tus deseos se hagan realidad?</p>
<p>Si, y te enseñamos como lograrlo!</p>
<p>El objetivo de este taller es brindar herramientas que posibiliten convertir tus sueños en realidad e impulsar acciones que te lleven a cumplir tus objetivos.</p>
<p><u>Temas: </u></p>
<ul>
<li>Diferencia entre metas y deseos</li>
<li>Planteamiento de metas</li>
<li>Inteligencia Emocional</li>
<li>Planeación estratégica de las acciones</li>
<li>Construcción de hábitos</li>
<li>Toma de decisiones</li>
<li>Motivación y compromiso</li>
<li>Organización del tiempo</li>
</ul>
<p><u>Duración</u>: 4 encuentros de 3 horas.</p>
<p><u>Modalidad</u>: práctica, a través de técnicas de coaching estratégico</p>
<p><u>Facilitadora</u>: Licenciada Patricia Petrecca</p>
<p>&nbsp;</p>
<p>&nbsp;</p>
<p>Taller “Diseñando tu futuro”</p>
<p>Un espacio en el que se brindarán herramientas que permitan analizar estrategias para fomentar el desarrollo o la generación de un emprendimiento propio, ayudando a generar empleabilidad y confianza en sí mismos para concretar los propios proyectos.</p>
<p><u>Dirigido a</u>: Personas con inquietud de emprender, en búsqueda de empleo, que deseen orientar su carrera, o aspiran a un crecimiento laboral o profesional.</p>
<p><u>Modalidad</u>: teórico- práctica</p>
<p><u>Duración</u>: dos meses con clases una vez a la semana de 3 horas cada una.</p>
<p><u>Dictado por</u>: Lic. Patricia Petrecca</p>
<p><a href="https://i0.wp.com/iita.com.ar/jujuy/wp-content/uploads/sites/7/2015/08/afiche-curso-dise%C3%B1ando-tu-futuro.jpg"><img data-recalc-dims="1" loading="lazy" decoding="async" class="alignnone wp-image-373" src="https://i0.wp.com/iita.com.ar/wp-content/uploads/2015/08/afiche-curso-dise%C3%B1ando-tu-futuro-300x210.jpg?resize=1057%2C744" alt="afiche curso diseñando tu futuro" width="1057" height="744" /></a></p>
<p>Próxima charla gratuita informativa. Viernes 14 de Agosto de 9 a 10:15 hs.</p>
<p><a href="https://i0.wp.com/iita.com.ar/jujuy/wp-content/uploads/sites/7/2015/08/afiche-charla-soft-skills-lunes-14-agosto-9-a-10-15.jpg"><img data-recalc-dims="1" loading="lazy" decoding="async" class="alignleft size-full wp-image-434" src="https://i0.wp.com/iita.com.ar/jujuy/wp-content/uploads/sites/7/2015/08/afiche-charla-soft-skills-lunes-14-agosto-9-a-10-15.jpg?resize=1170%2C803" alt="afiche charla soft skills lunes 14 agosto 9 a 10 15" width="1170" height="803" srcset="https://i0.wp.com/iita.com.ar/jujuy/wp-content/uploads/sites/7/2015/08/afiche-charla-soft-skills-lunes-14-agosto-9-a-10-15.jpg?w=1616&amp;ssl=1 1616w, https://i0.wp.com/iita.com.ar/jujuy/wp-content/uploads/sites/7/2015/08/afiche-charla-soft-skills-lunes-14-agosto-9-a-10-15.jpg?resize=300%2C206&amp;ssl=1 300w, https://i0.wp.com/iita.com.ar/jujuy/wp-content/uploads/sites/7/2015/08/afiche-charla-soft-skills-lunes-14-agosto-9-a-10-15.jpg?resize=768%2C527&amp;ssl=1 768w, https://i0.wp.com/iita.com.ar/jujuy/wp-content/uploads/sites/7/2015/08/afiche-charla-soft-skills-lunes-14-agosto-9-a-10-15.jpg?resize=1024%2C703&amp;ssl=1 1024w" sizes="auto, (max-width: 1170px) 100vw, 1170px" /></a></p>
<p>&nbsp;</p>
<p>&nbsp;</p>
<p>&nbsp;</p>

<p> “Soft Skills”  o habilidades blandas dentro del instituto de Innovación y Tecnología Aplicada.  El actual desempeño laboral no se expresa sólo en la cantidad de conocimiento que se posee sino también en la manera en que nos desenvolvemos. Por lo tanto es necesario contar por un lado, con las habilidades duras (hard skills), es decir [&hellip;]</p>
