{"id":24,"date":"2014-12-26T18:44:24","date_gmt":"2014-12-26T21:44:24","guid":{"rendered":"http:\/\/iita.com.ar\/?page_id=24"},"modified":"2018-05-18T15:55:49","modified_gmt":"2018-05-18T15:55:49","slug":"diseno-web","status":"publish","type":"page","link":"https:\/\/iita.com.ar\/jujuy\/diseno-web\/","title":{"rendered":"Dise\u00f1o Web"},"content":{"rendered":"<p>Cursos de dise\u00f1o de \u00a0sitiosweb.<\/p>\n<p>Uso de herramientas wordpress.<\/p>\n<p>Programaci\u00f3n PHP, HTML y java.<\/p>\n<p>Uso de plantillas dise\u00f1o CSS<\/p>\n<p>Uso de animaciones Flash, CSS3 y HTML5.<\/p>\n<p>Dise\u00f1o de aplicaciones m\u00f3viles para android.<\/p>\n<p>&nbsp;<\/p>\n<p>Abierta la inscripci\u00f3n para curso de construcci\u00f3n de sitios web con wordpress<\/p>\n<p>Curso de 8 clases de duraci\u00f3n, no se necesitan conocimientos previos, al finalizar el curso los alumnos tendr\u00e1n los conocimientos suficientes como para poner en funcionamiento su propio sitio de internet.<\/p>\n<p>El curso incluye el hosting para un sitio de cada alumno durante la duraci\u00f3n del curso.<\/p>\n<p>Inscripciones en el instituto en Coronel Puch 454, 2do piso, oficina A en San Savador de Jujuy.<\/p>\n<p>Consultar fechas y horarios disponibles<\/p>\n<p>&nbsp;<\/p>\n<p>Compartimos un mensaje recibido de uno de nuestros alumnos del \u00faltimo curso dictado:<\/p>\n<p>\u00abHola, s\u00f3lo escribo para contarte que desde hace dos semanas la p\u00e1gina ya funciona a full. Est\u00e1 teniendo \u00e9xito creo para el poco tiempo que est\u00e1 en circulaci\u00f3n. Unas 180-200 visitas por d\u00eda, incluso tiene mas visitas que la Facultad completa. Lo cual supera mis expectativas para este corto tiempo.<\/p>\n<p>Al final est\u00e1 funcionando en la siguiente direcci\u00f3n <a href=\"http:\/\/danielsalta.com.ar\/consejo\">danielsalta.com.ar\/consejo<\/a> por si la quer\u00e9s ver.<\/p>\n<p>En realidad quer\u00eda agradecerte por todas las atenciones. Muchas gracias por todo.<\/p>\n<p>Un abrazo, Daniel\u00bb<\/p>\n","protected":false},"excerpt":{"rendered":"<p>Cursos de dise\u00f1o de \u00a0sitiosweb. Uso de herramientas wordpress. Programaci\u00f3n PHP, HTML y java. Uso de plantillas dise\u00f1o CSS Uso de animaciones Flash, CSS3 y HTML5. Dise\u00f1o de aplicaciones m\u00f3viles para android. &nbsp; Abierta la inscripci\u00f3n para curso de construcci\u00f3n de sitios web con wordpress Curso de 8 clases de duraci\u00f3n, no se necesitan conocimientos [&hellip;]<\/p>\n","protected":false},"author":1,"featured_media":0,"parent":0,"menu_order":0,"comment_status":"closed","ping_status":"closed","template":"","meta":{"footnotes":""},"class_list":["post-24","page","type-page","status-publish","czr-hentry"],"aioseo_notices":[],"jetpack_sharing_enabled":true,"jetpack_shortlink":"https:\/\/wp.me\/P9QtGp-o","_links":{"self":[{"href":"https:\/\/iita.com.ar\/jujuy\/wp-json\/wp\/v2\/pages\/24","targetHints":{"allow":["GET"]}}],"collection":[{"href":"https:\/\/iita.com.ar\/jujuy\/wp-json\/wp\/v2\/pages"}],"about":[{"href":"https:\/\/iita.com.ar\/jujuy\/wp-json\/wp\/v2\/types\/page"}],"author":[{"embeddable":true,"href":"https:\/\/iita.com.ar\/jujuy\/wp-json\/wp\/v2\/users\/1"}],"replies":[{"embeddable":true,"href":"https:\/\/iita.com.ar\/jujuy\/wp-json\/wp\/v2\/comments?post=24"}],"version-history":[{"count":2,"href":"https:\/\/iita.com.ar\/jujuy\/wp-json\/wp\/v2\/pages\/24\/revisions"}],"predecessor-version":[{"id":1671,"href":"https:\/\/iita.com.ar\/jujuy\/wp-json\/wp\/v2\/pages\/24\/revisions\/1671"}],"wp:attachment":[{"href":"https:\/\/iita.com.ar\/jujuy\/wp-json\/wp\/v2\/media?parent=24"}],"curies":[{"name":"wp","href":"https:\/\/api.w.org\/{rel}","templated":true}]}}